What is the units digit of l(37)?
1
Suppose 0 = 4*w + 2*o - 1194, -3*w + 2*o + 121 = -757. What is the units digit of w?
6
Suppose -721*g + 719*g + 278 = 0. What is the tens digit of g?
3
Suppose 26*o - 2863 = 1765. What is the hundreds digit of o?
1
Suppose -4*v = 0, -5*u + 0*u - 2*v + 130 = 0. Suppose -4*j = 2*l - 22, u = l - 0*j - 3*j. Let f = 32 - l. What is the units digit of f?
5
Suppose 28 = -11*w + 6. What is the hundreds digit of ((-5)/w)/(11/638)?
1
Let s(l) = -l**3 - l**2. Let v(f) = -f**3 + 3*f**2 + 5*f - 4. Let c(i) = 3*s(i) - v(i). Let k be c(-4). Let y = -36 + k. What is the units digit of y?
0
Suppose 0 = -60*o + 59*o + 226. What is the units digit of o?
6
Let d = 52 - 7. Suppose -5*u = -5*s + d, 0*u + 2*u - 24 = -5*s. Suppose -p = -4*p + s. What is the units digit of p?
2
Let h be (-8)/(-12) + (-13)/(-3). Suppose 0*b = -h*b + 10. Let q = b + 9. What is the units digit of q?
1
Suppose -16*o = -20*o + 908. What is the units digit of o?
7
Suppose 6*i = 2*i + 5*p + 2, 6 = 3*p. Suppose -4*r - 121 = -i*u, -3*u = -9*r + 4*r - 116. What is the tens digit of u?
4
Let v(w) = -2*w**2 + w - 2. Let o = -12 - -10. Let g be v(o). What is the units digit of 19*2 - (g - -9)?
1
Let l = -891 - -1607. What is the hundreds digit of l?
7
What is the hundreds digit of 582*(-88)/(-36) - 2/3?
4
Suppose 107 = 4*i - m, -3*i + 42 + 52 = 2*m. Let r be ((-15)/6)/((-2)/i). Let a = r + -21. What is the tens digit of a?
1
Suppose -14*h = -12 - 58. Suppose 0 = 3*m - h*m + 198. What is the tens digit of m?
9
Suppose -2*y = -4*w + 2374, 108*w = 113*w - 4*y - 2969. What is the hundreds digit of w?
5
Let u be 5 - (2 - 0 - -1). Suppose k - u*k + 6 = 0. What is the tens digit of (k/4 + -2)*-42?
2
Suppose r = 368 + 327. What is the tens digit of r?
9
Let m = 7828 + -2337. What is the tens digit of m/34 + (-3)/(-2)?
6
Suppose -19*c + 21*c = 116. Let k be 41/3 - (-4)/12. Suppose c = 2*l + k. What is the units digit of l?
2
Let l(w) = w**2 + 9*w - 5. Let k = -1 + -9. Let c be l(k). Suppose -2*s - 13 = -i, 0 = -i + 3*i - c*s - 22. What is the units digit of i?
1
Let s(p) = 12*p + 496. What is the units digit of s(27)?
0
Let v be (-29 - 1)/(-5) - 2. Suppose -5*n - 15 = -4*y, -v*n + y + 1 = 2. What is the units digit of n?
1
Let g = 0 - 4. Let p be 3/12 - 19/g. Suppose 3*d + a + 6 = 129, -2*d - p*a + 69 = 0. What is the tens digit of d?
4
Suppose 5*f - 2*a + 2105 = 0, -5*f + 2*a = a + 2105. Let b = f - -673. Suppose 4*p = 11*p - b. What is the tens digit of p?
3
Suppose -2*s = -5*s + 5*r + 5629, 5*r + 7507 = 4*s. What is the thousands digit of s?
1
Let i be 9 + -17 + 3 + 0. Let y be (20/(-4))/(i/6). Suppose 3 = -3*b - y, 0 = -5*v - 4*b + 168. What is the tens digit of v?
3
Suppose -4*u + 157 + 459 = 0. What is the hundreds digit of u?
1
Let d be (8/16)/(2/4). Let w be (-22)/2*(2 - d). Let l = w - -29. What is the units digit of l?
8
What is the units digit of (-217)/(-2)*576/84?
4
Let d(w) = 19*w**2 + 43*w + 50. What is the tens digit of d(-15)?
8
Let p = 9 - 5. Let w = 18 + p. What is the units digit of w?
2
Suppose -5*d = -y - 27234, 10*y - 8*y = -8. What is the hundreds digit of d?
4
Let y be (6/(-3))/(-1) + 0. Let v(a) = -15*a**2 + 2. Let c be v(y). What is the tens digit of (1/1)/((-2)/c)?
2
Suppose 4*s = -238 + 1174. What is the hundreds digit of s?
2
Let s(q) = 9*q**3 - 2*q**2 + q + 8. What is the units digit of s(5)?
8
Suppose 144*k - 140*k - 2984 = 0. What is the hundreds digit of k?
7
Suppose 16*c = 21*c - 40. Let m = c - -6. What is the units digit of m?
4
Let c be (30 + -6)*(-22)/(-6). Suppose -276 = -4*h + 5*w + c, -w + 426 = 5*h. What is the units digit of h?
6
Let m = 0 + -20. Let t = -14 - m. What is the units digit of 12 + 5 + t/2?
0
Suppose 6*r = 4*r - 8. Let v be ((-18)/24)/(1/r). Suppose 0 = w + 5*y - 27, 0 = -w + 6*y - v*y + 19. What is the units digit of w?
2
Let p(g) be the second derivative of -2*g**3/3 + 15*g**2/2 + 9*g. What is the units digit of p(-6)?
9
Let s(f) = f**2 + 13*f + 30. Let l be s(-9). Suppose 0 = 5*j + 4*w + 70, 0 = 5*j + 4*w - w + 70. Let t = l - j. What is the units digit of t?
8
Suppose 0 = 4*y + 5*z - 8, -6 = -4*y + 3*z + 2. Suppose 2*c - 2*x = -51 - 3, 0 = y*c + 3*x + 39. Let d = -12 - c. What is the units digit of d?
2
Suppose -a - 2*z + 3483 = 0, 0 = 7*a - 5*a - 4*z - 6974. What is the hundreds digit of a?
4
What is the tens digit of (2*1269)/3 + (-31)/31?
4
Suppose 10*l = 9*l + 341. What is the hundreds digit of l?
3
Let g(v) = 7*v**2 + 2*v + 1. Let x be g(2). What is the tens digit of (2 + 6/9)*x?
8
Suppose -2*i = -4*m + 2*i, 5*m + 4*i - 36 = 0. Suppose -m*w + 332 = -0*w. What is the units digit of w?
3
Let t(j) = j**3 + 10*j**2 + 2. Let h be t(-10). Suppose 26 = h*b - 5*a, 0*b + 8 = -4*b - 5*a. Suppose -48 = -f - b*f. What is the units digit of f?
2
Let c = 1505 + -487. What is the tens digit of c?
1
Suppose 4*z + 246 - 1686 = 0. Suppose 4*h + z = -h. What is the units digit of ((-2)/4)/(1/h)?
6
What is the units digit of 2469*((-96)/(-18) + 15/(-3))?
3
Let m be -13 + 15 - (-34 + 0). Suppose 0 = -x + q + 18, -3*x + 5*q + m = -28. What is the units digit of x?
3
Let s be (-5)/2*(8 + -10). Suppose 0 = -s*k + 9 + 1. Suppose -j - 28 = -6*j - k*w, -15 = -2*j + 3*w. What is the units digit of j?
6
Suppose v - 2*g = 9 + 2, 4*g + 1 = -5*v. Suppose -126 = -v*y + 54. What is the units digit of y?
0
Let h = -2142 + 5052. What is the hundreds digit of 1/3 - h/(-18)?
1
Let n be ((-2)/4)/((-1)/14). Suppose 3*u - n*u - 72 = 0. What is the units digit of (-66)/(-7) - u/(-42)?
9
Suppose -2*b = -5 + 45. Let m(h) = 6*h + 9. Let c be m(-4). Let k = c - b. What is the units digit of k?
5
Let m = 36 + -25. Let u(a) = -2*a**3 - 4*a**2 + 11 + 15*a**2 + a - 3*a**3 + 4*a**3. What is the tens digit of u(m)?
2
Let l(t) = 222*t - 497. What is the hundreds digit of l(8)?
2
Let v(n) = -n**3 - 20*n**2 + 20*n - 19. Let x be v(-21). Suppose 1046 = 5*p + x*j, -173 - 44 = -p - 3*j. What is the hundreds digit of p?
2
Suppose 3 = -0*z + 3*z. Let w = -12 + 11. What is the units digit of (w*1)/(-2 + z)?
1
Let i be 4 + 4 + -2 + 2. Let o = i - 15. What is the units digit of 2/(-14) + (-323)/o?
6
Let y(s) = -s**2 + 90*s - 370. What is the thousands digit of y(46)?
1
Suppose 0 = 3*h - 29 + 5. Let c(s) = 25*s**2 - 3 - 2 - 7*s - 24*s**2. What is the units digit of c(h)?
3
Let c(i) = -i**3 + 21*i**2 + 23*i + 24. Let z(j) = j**3 - 20*j**2 - 22*j - 23. Let n(k) = -3*c(k) - 4*z(k). What is the units digit of n(18)?
8
Suppose -4*o + 4 + 25 = p, 0 = -2*p - 3*o + 33. Let g(f) = 3 + f**3 + 5*f**2 - p + 8. What is the units digit of g(-5)?
2
Let u(s) = 28*s - 108. What is the units digit of u(7)?
8
Let u(w) = 8 + 0*w**2 + 2*w**2 + 1 - 6*w. What is the units digit of u(4)?
7
Suppose -4353 = -8*o + 1615. What is the units digit of o?
6
What is the tens digit of (-53390)/(-20) - (-1)/(-2)?
6
Let p(n) = -n + 2. Suppose -6 = 4*u + 2. Let j be p(u). Suppose 3*x - j*x = -2*o + 29, 0 = 5*o - 5*x - 60. What is the units digit of o?
7
What is the tens digit of (3 + (-40)/24)*258?
4
Suppose 2*m - 10 = -4. What is the units digit of 1*((m - 1) + -1)?
1
Suppose 16*b - 8 = 12*b. Suppose -d = -k - 12, -b*d - 3*d + 60 = -k. Suppose -3*p + 87 = 4*f, 23 = 2*p - 5*f - d. What is the units digit of p?
5
Suppose 0*j = -4*j + 3*d + 4584, 2*d = 4*j - 4580. What is the thousands digit of j?
1
Let w(r) = r**2 + r + 2. Let f be w(-2). Suppose 0*k = -f*k + 56. What is the units digit of k/4*2/1?
7
Let v = 1284 - 440. What is the units digit of v?
4
Let t = 157 - 71. Suppose -118 - t = -j. What is the units digit of j?
4
Suppose -3*k + 12 = -2*g, 18 = 2*k + k - 4*g. Suppose 0 = k*o + 4*a - 212, 96 = o + a + 3*a. What is the hundreds digit of o?
1
Let t(h) = 468*h**2 - 13*h - 11. What is the hundreds digit of t(-1)?
4
Suppose -86 = -6*z - 242. Let h = 29 + z. Suppose -h*g - 195 = -3*k, -2*k + g + 140 = 14. What is the units digit of k?
1
Suppose 464 = 4*q - 5*d - 840, 3*q = 5*d + 978. Suppose -4*y + q - 98 = 3*p, -4*y = 4*p - 224. What is the units digit of y?
0
Let b(i) = -92*i - 27. What is the tens digit of b(-6)?
2
Suppose -40*y + 4681 = -9*y. What is the units digit of y?
1
Suppose 4*o = 31 - 11. Suppose -o*z - 118 = -4*f, 5*f - 72 = 3*z + 2*f. What is the units digit of (z/4)/(7/(-14))?
1
Suppo